 -3*f - 2. Let u(w) = -9*w**3 - 3*w + 0*w**3 + x*w + 17*w**3 + 1. Give u(1).
8
Let u(r) = -2890*r + 1470*r + 1411*r + 1. Let x be -2 + 3*10/6. Determine u(x).
-26
Let q(f) = -f**2 - 16*f + 3. Let k be (19 + -14)/(169/85 + -2). Let w = 409 + k. Give q(w).
3
Let u(o) = o**3 - 11*o**2 - 14*o + 29. Let q be u(12). Let h(w) = 11 + 7 - 20 - q*w. Determine h(-3).
13
Let g(z) = z**3 + z**2 - 3*z + 4. Let n(u) be the second derivative of 3*u**3/2 - 39*u**2/2 - 24*u. Let l be n(4). Determine g(l).
-5
Let y(j) = -10*j + 7*j - j**3 - 22 + 12*j**2 - 6*j. Calculate y(11).
0
Let g(u) = 18. Let c(w) = w + 24. Let l(o) = c(o) - 3*g(o). Determine l(24).
-6
Let i be 6/(-15) + (-51)/(-15). Suppose 3*h - 7*y + i*y = 18, -2*h - y = -1. Let t(q) = 2 + 2*q**3 - 3 - q**2 - 2*q + 3*q. Calculate t(h).
13
Let h = -75 + 54. Let v(b) = 0 - 3*b**3 + 3 - 5 - 314*b**2 + 293*b**2 + 2*b**3. Calculate v(h).
-2
Let m(k) = 28*k + 6. Let t(p) = -8*p - 4. Let x(d) = -m(d) - 3*t(d). Determine x(-7).
34
Let l(a) = -4*a. Let c be l(3). Let s(x) = -x**3 - 13*x**2 - 13*x - 1. Let z be s(c). Let r(n) = -5*n - z*n**2 - 1 - 2 - n**3 + 6*n**2. Give r(-3).
-6
Let u(c) be the third derivative of -c**7/840 + c**6/40 - c**5/20 - 3*c**4/4 - 31*c**3/3 + 102*c**2. Let w(n) be the first derivative of u(n). Calculate w(8).
-2
Let t(m) = m**3 + 4*m**2 - 14*m - 13. Let o(k) = k**2 + 124*k + 3837. Let z be o(-61). What is t(z)?
-1
Let l(b) be the first derivative of -b**2/2 + 10*b - 6. Let o(y) = -9*y + 112. Let h be o(11). Give l(h).
-3
Let i(d) be the third derivative of -d**5/12 + d**4/4 + d**3/3 + 6*d**2 + 7. Let k(w) = 9*w**2 - 11*w - 5. Let v(l) = -5*i(l) - 3*k(l). Determine v(4).
-15
Let b(g) be the first derivative of -1/3*g**3 - 1/4*g**4 + 0*g**2 + 6*g - 58. Suppose 3*p + 0*w - 8 = 4*w, 0 = 2*p - 3*w - 6. What is b(p)?
6
Let o = -2 + 1. Let t = 94 - 59. Let l(n) = -2*n + 36 + 3*n**2 + n + t - 111 + 39. What is l(o)?
3
Let x(t) be the second derivative of t**5/20 + 5*t**4/6 + 11*t**3/3 + 11*t**2/2 - 8454*t. Calculate x(-7).
4
Let v(x) = 3*x**2 - 12*x - 3. Let s be v(6). Let p = -187 + 216. Let r = s - p. Let g(c) = -c**2 + 4*c + 2. Determine g(r).
2
Let c(t) = 37 + 30 - 2*t**3 - 101 - 3*t**2 + 39. Give c(-3).
32
Let j(o) = 1 - 23346*o + 2*o**2 - 23418*o + 46762*o + 40*o**3. Suppose -b - 3 + 4 = 0. Calculate j(b).
41
Let d(r) = 12*r + 2. Suppose 91358*u - 91356*u = -12. What is d(u)?
-70
Let q(h) = -h**3 + 13*h**2 - 12*h + 15. Let b be (-48)/(-60)*(7 + -2). Let p be 0 + 12/(-16) + 51/b. Give q(p).
15
Let t(a) = -5*a + 0*a + 4*a + 6. Let l(i) = 2*i - 4*i + 3*i + 2*i + 15. Let v be l(-3). What is t(v)?
0
Let m(i) = -i + 19. Suppose -4*g = v + 15, -3*g + 25 = -2*v - 6*g. Let h be v/4*8/(-2). Calculate m(h).
8
Let i be (1 - 0) + (-13 - 604). Let m = i + 618. Let w(g) = -g + 1. What is w(m)?
-1
Let t be 1 + (-31 - 12) + -1 + 8. Let j = -95 + 61. Let y = t - j. Let x(m) = -9*m**2 + m. Calculate x(y).
-10
Let a(d) = 55*d**3. Let w be a(-1). Let s = w + 56. Let u(g) = -g**2 + 1. Let f(i) = i**2 + 4*i - 6. Let k(p) = s*f(p) + 4*u(p). What is k(2)?
-6
Let t(z) be the second derivative of -z**3/2 + 59*z**2/2 + 931*z. Give t(17).
8
Let f(n) be the second derivative of 3*n**5/20 - n**3/6 + n**2/2 + n - 696. Let b(r) = r - 1. Let d be b(-1). Let u be 4 - (1 + (0 - d)). Determine f(u).
3
Suppose -1 = 2*v - 21. Let a(k) be the first derivative of -k**4/4 + 3*k**3 + 6*k**2 - 16*k - 119640. What is a(v)?
4
Let m(p) = 78130 - 39066 - 94*p - 39059. Calculate m(2).
-183
Suppose 0 = 4*x - 4 - 0. Let m(j) = j**2 + 74*j - 5. Let o(s) = -s**2 - 15*s + 1. Let l(g) = -m(g) - 5*o(g). Calculate l(x).
5
Suppose 114*p + 3 = 113*p + 5*w, 0 = -p - 2*w - 10. Let s(q) = -q**2 - 2*q + 43. What is s(p)?
-5
Suppose -3*l + 32 = -2*r + 5, -2*l + 4*r = -26. Let m = -6 + l. Let k(n) be the third derivative of -n**4/12 + n**3/6 + 8*n**2 - 116*n. What is k(m)?
-1
Let f be (-47)/((-2)/(-3) - 2/(-6)). Let a = f + 58. Let k(w) = 1. Let u(d) = d - 1. Let l(c) = -5*k(c) + u(c). Determine l(a).
5
Suppose s - 4 = 2*s - 2*j, 0 = -4*s - 4*j + 32. Suppose 3*u + k + s*k = -17, -3*u = 3*k + 9. Let m(h) = -6*h**2 - h + 1. What is m(u)?
-6
Let l(q) = -5*q**3 + q**2 - q. Let h be ((-6)/(-24))/((-5)/(-20)). Let u(t) = -2*t**3 - t**2 + 1. Let i(f) = h*l(f) - 2*u(f). Calculate i(2).
0
Let n(j) = -7 - 66*j - 4*j**2 + 98*j**3 - 99*j**3 + 64*j. What is n(-3)?
-10
Suppose 66*a = 66*a + 4*c + 20, -c = -2*a + 1. Let l(r) = -2*r + 0*r - 4*r. Calculate l(a).
12
Let g(r) = -11 - 4*r - 5 + 1 - 6. Let y be g(-6). Let l(q) = -2*q**2 + 3 - 6*q**y + 5*q**3 + 3*q**2 + 3 - q. Give l(0).
6
Let j(h) be the first derivative of h**3/2 - 5*h**2/2 + 2*h + 1. Let x(g) be the first derivative of j(g). Suppose 379*v = 424*v - 270. What is x(v)?
13
Let t(p) = p**3 - 2*p**2 + 2*p + 3. Let w(s) = s + 38. Let k be w(-26). Suppose g + 6 = k. Suppose g*v + 16 = 4. Calculate t(v).
-17
Let n(w) = -w**3 - 5*w**2 + 7*w. Let g(l) = -76*l - 1672. Let x be g(-22). Let u be (-8)/(-2) - (0 - -1). Suppose x = -u*p + 4*p + 6. Give n(p).
-6
Let u(c) = -c**2 - 5*c - 4. Let f = 60 - 45. Let k be 81/15 - 6/f. Suppose -3*i + i = 0, -3*d = k*i + 15. What is u(d)?
-4
Let s = 30352 - 30369. Let p(w) = w**2 + 13*w + 12. Give p(s).
80
Let n(p) = -p**3 - 3*p**2 + 6*p - 6. Let i be (-108)/(-26) - 3/(-156)*-8. Suppose -14 = 2*a - i. What is n(a)?
14
Let x(n) = -3*n + 10. Let v(m) = 7*m - 20. Let u(p) = 2*v(p) + 5*x(p). Let z(k) = -k + 10. Let t(a) = 4*u(a) - 3*z(a). Suppose 0 = 5*b + 1 - 36. Calculate t(b).
3
Suppose -h + 6 = -0*h. Let x(i) be the first derivative of -i**3/3 + 3*i**2/2 + 2*i - 121. Determine x(h).
-16
Let q(d) be the second derivative of d**7/2520 + d**6/720 - 7*d**5/120 - 9*d**4/4 - d**2 - 26*d. Let a(b) be the third derivative of q(b). Give a(0).
-7
Let y = -1271 - -1252. Let m(p) = p**2 + 19*p + 3. Give m(y).
3
Let k(b) = b**3 + 6*b**2 + 3*b + 7. Let f(a) = -a**2 - 46*a - 37. Let l be f(-18). Let i = -473 + l. Give k(i).
-11
Suppose -406 = -39*y + 179. Let d(c) = -c**2 + 11*c + 28. What is d(y)?
-32
Let g(i) = -1. Let j(x) = 3*x - 4. Let q(o) = -20*g(o) + 4*j(o). Calculate q(3).
40
Let m(q) be the first derivative of -20*q**2 + 272*q + 429. Let u be m(7). Let s(c) be the second derivative of -c**5/20 - 2*c**4/3 + c**2 + c. What is s(u)?
2
Let r(g) = g**3 - 10*g**2 - 78*g + 733. Let s be r(11). Let x(f) = 43*f + 190. Determine x(s).
18
Let n(d) be the second derivative of -2*d**5/15 + d**4/6 - d**3/3 - d**2 + 80*d. Let l(s) be the first derivative of n(s). Determine l(2).
-26
Let q(f) = f**2 + 14*f + 9. Let g(w) = -2*w**2 - 27*w - 18. Let k(r) = r**2 - 14*r + 54. Let y be k(7). Let z(t) = y*q(t) + 3*g(t). Give z(-7).
19
Let p = -72 - -74. Suppose 0 = -5*j + 2*b + 103, p*b = -2*j + 8 + 36. Let k = -30 + j. Let h(o) = o + 9. Determine h(k).
0
Let y(q) = -10*q**2 - 25*q - 15. Let n(g) = 7*g**2 + 17*g + 10. Let l(a) = -7*n(a) - 5*y(a). Determine l(-7).
12
Let h(g) = -g**3 + 3*g**2 + g - 1. Suppose 20 = -5*z + 4*s, -4*s = 3*z - z + 36. Let t be -7 - -6 - (z - -4). Calculate h(t).
2
Let o(z) = -2 + 0 + 8*z + 2. Suppose 7*g = 13*g + 1026. Let l be (-2)/8 + g/(-76). What is o(l)?
16
Let m = -29 + 160. Let k = 142 - m. Let o(q) = -q**2 + 12*q + 3. Give o(k).
14
Let u be 8/(-20) - (-74)/10. Suppose 2*h - u*h = 40. Let d(x) = -6*x + 10*x - x + 31 - 20 + x. What is d(h)?
-21
Let q(v) = -611*v - 8*v**2 - 8 + 1217*v + v**3 - 2*v**3 - 611*v. Give q(-7).
-22
Let o(i) = -3*i**3 + 12*i**2 + 3*i - 11. Let t(f) = -2*f**3 + 6*f**2 + f - 6. Let v(k) = 3*o(k) - 5*t(k). Let c = -1662 - -1657. Calculate v(c).
2
Let o(b) = 9*b**2 - b + 1. Let q(t) = -t**3 + 2*t**2 + 14*t + 6. Let y be (-164)/(-3)*21/14 + 1. Let x = y - 78. Let k be q(x). Give o(k).
9
Let w(d) = d**2 - 92*d + 593. Let q be w(7). Let z(r) = -6*r**3 - 11*r**2 - 4*r - 4. Give z(q).
8
Let g(s) = s**2 - 12*s - 8. Let i be (-9)/7 + (-5200)/(-364). What is g(i)?
5
Let x(a) = -790*a**3 + 115 - a + 1646*a**3 - 855*a**3 + 10*a**2. Determine x(-11).
5
Suppose 56*o = 24*o + 3392. Let p(z) = -z**2 + o - 217 - 4*z + 103 + 10*z. Determine p(6).
-8
Let x(o) = -o**3 + 8*o**2 - 3*o - 13. Let l be (104/(-14) + 168/392)/1*-1. What is x(l)?
15
Let n(l) = -12*l**2 + 117 + 11*l - 509 + 117 + l**3 + 269. Let i = 0 + 11. Calculate n(i).
-6
Let a(s) be the third derivative